{"id":1191,"date":"2021-05-01T01:00:02","date_gmt":"2021-04-30T23:00:02","guid":{"rendered":"http:\/\/astrosurf-magazine.com\/?post_type=product&#038;p=1191"},"modified":"2022-01-20T14:25:25","modified_gmt":"2022-01-20T13:25:25","slug":"astrosurf-magazine-n100","status":"publish","type":"product","link":"https:\/\/astrosurf-magazine.com\/index.php\/product\/astrosurf-magazine-n100\/","title":{"rendered":"Astrosurf-Magazine N\u00b0100"},"content":{"rendered":"<p>[et_pb_section fb_built=&#8221;1&#8243; _builder_version=&#8221;3.22&#8243; background_color=&#8221;rgba(255, 255, 255, 0)&#8221; custom_padding=&#8221;0px||||false|false&#8221;][et_pb_row _builder_version=&#8221;3.25&#8243; background_size=&#8221;initial&#8221; background_position=&#8221;top_left&#8221; background_repeat=&#8221;repeat&#8221; width=&#8221;100%&#8221; custom_padding=&#8221;0px||0px||false|false&#8221;][et_pb_column type=&#8221;4_4&#8243; _builder_version=&#8221;3.25&#8243; custom_padding=&#8221;|||&#8221; custom_padding__hover=&#8221;|||&#8221;][et_pb_wc_breadcrumb _builder_version=&#8221;3.0.47&#8243;][\/et_pb_wc_breadcrumb][et_pb_wc_cart_notice _builder_version=&#8221;3.0.47&#8243;][\/et_pb_wc_cart_notice][\/et_pb_column][\/et_pb_row][et_pb_row column_structure=&#8221;1_2,1_2&#8243; _builder_version=&#8221;3.25&#8243; background_size=&#8221;initial&#8221; background_position=&#8221;top_left&#8221; background_repeat=&#8221;repeat&#8221; width=&#8221;100%&#8221; custom_padding=&#8221;0px||||false|false&#8221;][et_pb_column type=&#8221;1_2&#8243; _builder_version=&#8221;3.25&#8243; custom_padding=&#8221;|||&#8221; custom_padding__hover=&#8221;|||&#8221;][et_pb_wc_images admin_label=&#8221;Woo Images&#8221; _builder_version=&#8221;3.0.47&#8243;][\/et_pb_wc_images][\/et_pb_column][et_pb_column type=&#8221;1_2&#8243; _builder_version=&#8221;3.25&#8243; custom_padding=&#8221;|||&#8221; custom_padding__hover=&#8221;|||&#8221;][et_pb_wc_title _builder_version=&#8221;3.0.47&#8243;][\/et_pb_wc_title][et_pb_wc_rating _builder_version=&#8221;3.0.47&#8243;][\/et_pb_wc_rating][et_pb_wc_price _builder_version=&#8221;3.0.47&#8243;][\/et_pb_wc_price][et_pb_wc_description _builder_version=&#8221;3.0.47&#8243;][\/et_pb_wc_description][et_pb_text _builder_version=&#8221;4.9.4&#8243; _module_preset=&#8221;default&#8221; background_color=&#8221;#ffff00&#8243;]<\/p>\n<p><strong>Attention, ce num\u00e9ro \u00e9tant \u00e9puis\u00e9, il est envoy\u00e9 sous la forme d&#8217;un fichier PDF sur un c\u00e9d\u00e9rom.<\/strong><\/p>\n<p>[\/et_pb_text][et_pb_wc_add_to_cart _builder_version=&#8221;3.0.47&#8243;][\/et_pb_wc_add_to_cart][et_pb_wc_meta _builder_version=&#8221;3.0.47&#8243;][\/et_pb_wc_meta][\/et_pb_column][\/et_pb_row][et_pb_row _builder_version=&#8221;3.25&#8243; background_size=&#8221;initial&#8221; background_position=&#8221;top_left&#8221; background_repeat=&#8221;repeat&#8221; width=&#8221;100%&#8221;][et_pb_column type=&#8221;4_4&#8243; _builder_version=&#8221;3.25&#8243; custom_padding=&#8221;|||&#8221; custom_padding__hover=&#8221;|||&#8221;][et_pb_wc_tabs _builder_version=&#8221;3.0.47&#8243;]\t\t\t\t\t[\/et_pb_wc_tabs][et_pb_wc_upsells columns_number=&#8221;3&#8243; _builder_version=&#8221;3.0.47&#8243;][\/et_pb_wc_upsells][\/et_pb_column][\/et_pb_row][\/et_pb_section]<\/p>\n","protected":false},"excerpt":{"rendered":"<p>Astrosurf-Magazine N\u00b0100 &#8211; Septembre\/Octobre 2019<\/p>\n","protected":false},"featured_media":871,"template":"","meta":{"_et_pb_use_builder":"on","_et_pb_old_content":"<img class=\"alignnone wp-image-776 size-full\" src=\"http:\/\/astrosurf-magazine.com\/wp-content\/uploads\/2021\/04\/ASM100_Sommaire_1600.png\" alt=\"\" width=\"1600\" height=\"1156\" \/>","_et_gb_content_width":""},"product_cat":[25],"product_tag":[],"yoast_head":"<!-- This site is optimized with the Yoast SEO plugin v17.1 - https:\/\/yoast.com\/wordpress\/plugins\/seo\/ -->\n<title>Astrosurf-Magazine N\u00b0100 - Astrosurf-Magazine<\/title>\n<meta name=\"robots\" content=\"index, follow, max-snippet:-1, max-image-preview:large, max-video-preview:-1\" \/>\n<link rel=\"canonical\" href=\"https:\/\/astrosurf-magazine.com\/index.php\/product\/astrosurf-magazine-n100\/\" \/>\n<meta property=\"og:locale\" content=\"fr_FR\" \/>\n<meta property=\"og:type\" content=\"article\" \/>\n<meta property=\"og:title\" content=\"Astrosurf-Magazine N\u00b0100 - Astrosurf-Magazine\" \/>\n<meta property=\"og:description\" content=\"Astrosurf-Magazine N\u00b0100 - Septembre\/Octobre 2019\" \/>\n<meta property=\"og:url\" content=\"https:\/\/astrosurf-magazine.com\/index.php\/product\/astrosurf-magazine-n100\/\" \/>\n<meta property=\"og:site_name\" content=\"Astrosurf-Magazine\" \/>\n<meta property=\"article:publisher\" content=\"https:\/\/www.facebook.com\/AstrosurfMagazine\" \/>\n<meta property=\"article:modified_time\" content=\"2022-01-20T13:25:25+00:00\" \/>\n<meta property=\"og:image\" content=\"http:\/\/astrosurf-magazine.com\/wp-content\/uploads\/2021\/04\/ASM100_MAG003_250.png\" \/>\n\t<meta property=\"og:image:width\" content=\"400\" \/>\n\t<meta property=\"og:image:height\" content=\"412\" \/>\n<meta name=\"twitter:card\" content=\"summary_large_image\" \/>\n<meta name=\"twitter:label1\" content=\"Dur\u00e9e de lecture est.\" \/>\n\t<meta name=\"twitter:data1\" content=\"2 minutes\" \/>\n<script type=\"application\/ld+json\" class=\"yoast-schema-graph\">{\"@context\":\"https:\/\/schema.org\",\"@graph\":[{\"@type\":\"WebSite\",\"@id\":\"https:\/\/astrosurf-magazine.com\/#website\",\"url\":\"https:\/\/astrosurf-magazine.com\/\",\"name\":\"Astrosurf-Magazine\",\"description\":\"Le magazine des astronomes amateurs francophones\",\"potentialAction\":[{\"@type\":\"SearchAction\",\"target\":{\"@type\":\"EntryPoint\",\"urlTemplate\":\"https:\/\/astrosurf-magazine.com\/?s={search_term_string}\"},\"query-input\":\"required name=search_term_string\"}],\"inLanguage\":\"fr-FR\"},{\"@type\":\"ImageObject\",\"@id\":\"https:\/\/astrosurf-magazine.com\/index.php\/product\/astrosurf-magazine-n100\/#primaryimage\",\"inLanguage\":\"fr-FR\",\"url\":\"https:\/\/astrosurf-magazine.com\/wp-content\/uploads\/2021\/04\/ASM100_MAG003_250.png\",\"contentUrl\":\"https:\/\/astrosurf-magazine.com\/wp-content\/uploads\/2021\/04\/ASM100_MAG003_250.png\",\"width\":400,\"height\":412},{\"@type\":\"WebPage\",\"@id\":\"https:\/\/astrosurf-magazine.com\/index.php\/product\/astrosurf-magazine-n100\/#webpage\",\"url\":\"https:\/\/astrosurf-magazine.com\/index.php\/product\/astrosurf-magazine-n100\/\",\"name\":\"Astrosurf-Magazine N\\u00b0100 - Astrosurf-Magazine\",\"isPartOf\":{\"@id\":\"https:\/\/astrosurf-magazine.com\/#website\"},\"primaryImageOfPage\":{\"@id\":\"https:\/\/astrosurf-magazine.com\/index.php\/product\/astrosurf-magazine-n100\/#primaryimage\"},\"datePublished\":\"2021-04-30T23:00:02+00:00\",\"dateModified\":\"2022-01-20T13:25:25+00:00\",\"breadcrumb\":{\"@id\":\"https:\/\/astrosurf-magazine.com\/index.php\/product\/astrosurf-magazine-n100\/#breadcrumb\"},\"inLanguage\":\"fr-FR\",\"potentialAction\":[{\"@type\":\"ReadAction\",\"target\":[\"https:\/\/astrosurf-magazine.com\/index.php\/product\/astrosurf-magazine-n100\/\"]}]},{\"@type\":\"BreadcrumbList\",\"@id\":\"https:\/\/astrosurf-magazine.com\/index.php\/product\/astrosurf-magazine-n100\/#breadcrumb\",\"itemListElement\":[{\"@type\":\"ListItem\",\"position\":1,\"name\":\"Accueil\",\"item\":\"https:\/\/astrosurf-magazine.com\/\"},{\"@type\":\"ListItem\",\"position\":2,\"name\":\"Boutique\",\"item\":\"https:\/\/astrosurf-magazine.com\/index.php\/boutique\/\"},{\"@type\":\"ListItem\",\"position\":3,\"name\":\"Astrosurf-Magazine N\\u00b0100\"}]}]}<\/script>\n<!-- \/ Yoast SEO plugin. -->","yoast_head_json":{"title":"Astrosurf-Magazine N\u00b0100 - Astrosurf-Magazine","robots":{"index":"index","follow":"follow","max-snippet":"max-snippet:-1","max-image-preview":"max-image-preview:large","max-video-preview":"max-video-preview:-1"},"canonical":"https:\/\/astrosurf-magazine.com\/index.php\/product\/astrosurf-magazine-n100\/","og_locale":"fr_FR","og_type":"article","og_title":"Astrosurf-Magazine N\u00b0100 - Astrosurf-Magazine","og_description":"Astrosurf-Magazine N\u00b0100 - Septembre\/Octobre 2019","og_url":"https:\/\/astrosurf-magazine.com\/index.php\/product\/astrosurf-magazine-n100\/","og_site_name":"Astrosurf-Magazine","article_publisher":"https:\/\/www.facebook.com\/AstrosurfMagazine","article_modified_time":"2022-01-20T13:25:25+00:00","og_image":[{"width":400,"height":412,"url":"http:\/\/astrosurf-magazine.com\/wp-content\/uploads\/2021\/04\/ASM100_MAG003_250.png","path":"\/home\/sites\/astrosurf-magazine.com\/web\/wp-content\/uploads\/2021\/04\/ASM100_MAG003_250.png","size":"full","id":871,"alt":"","pixels":164800,"type":"image\/png"}],"twitter_card":"summary_large_image","twitter_misc":{"Dur\u00e9e de lecture est.":"2 minutes"},"schema":{"@context":"https:\/\/schema.org","@graph":[{"@type":"WebSite","@id":"https:\/\/astrosurf-magazine.com\/#website","url":"https:\/\/astrosurf-magazine.com\/","name":"Astrosurf-Magazine","description":"Le magazine des astronomes amateurs francophones","potentialAction":[{"@type":"SearchAction","target":{"@type":"EntryPoint","urlTemplate":"https:\/\/astrosurf-magazine.com\/?s={search_term_string}"},"query-input":"required name=search_term_string"}],"inLanguage":"fr-FR"},{"@type":"ImageObject","@id":"https:\/\/astrosurf-magazine.com\/index.php\/product\/astrosurf-magazine-n100\/#primaryimage","inLanguage":"fr-FR","url":"https:\/\/astrosurf-magazine.com\/wp-content\/uploads\/2021\/04\/ASM100_MAG003_250.png","contentUrl":"https:\/\/astrosurf-magazine.com\/wp-content\/uploads\/2021\/04\/ASM100_MAG003_250.png","width":400,"height":412},{"@type":"WebPage","@id":"https:\/\/astrosurf-magazine.com\/index.php\/product\/astrosurf-magazine-n100\/#webpage","url":"https:\/\/astrosurf-magazine.com\/index.php\/product\/astrosurf-magazine-n100\/","name":"Astrosurf-Magazine N\u00b0100 - Astrosurf-Magazine","isPartOf":{"@id":"https:\/\/astrosurf-magazine.com\/#website"},"primaryImageOfPage":{"@id":"https:\/\/astrosurf-magazine.com\/index.php\/product\/astrosurf-magazine-n100\/#primaryimage"},"datePublished":"2021-04-30T23:00:02+00:00","dateModified":"2022-01-20T13:25:25+00:00","breadcrumb":{"@id":"https:\/\/astrosurf-magazine.com\/index.php\/product\/astrosurf-magazine-n100\/#breadcrumb"},"inLanguage":"fr-FR","potentialAction":[{"@type":"ReadAction","target":["https:\/\/astrosurf-magazine.com\/index.php\/product\/astrosurf-magazine-n100\/"]}]},{"@type":"BreadcrumbList","@id":"https:\/\/astrosurf-magazine.com\/index.php\/product\/astrosurf-magazine-n100\/#breadcrumb","itemListElement":[{"@type":"ListItem","position":1,"name":"Accueil","item":"https:\/\/astrosurf-magazine.com\/"},{"@type":"ListItem","position":2,"name":"Boutique","item":"https:\/\/astrosurf-magazine.com\/index.php\/boutique\/"},{"@type":"ListItem","position":3,"name":"Astrosurf-Magazine N\u00b0100"}]}]}},"_links":{"self":[{"href":"https:\/\/astrosurf-magazine.com\/index.php\/wp-json\/wp\/v2\/product\/1191"}],"collection":[{"href":"https:\/\/astrosurf-magazine.com\/index.php\/wp-json\/wp\/v2\/product"}],"about":[{"href":"https:\/\/astrosurf-magazine.com\/index.php\/wp-json\/wp\/v2\/types\/product"}],"wp:featuredmedia":[{"embeddable":true,"href":"https:\/\/astrosurf-magazine.com\/index.php\/wp-json\/wp\/v2\/media\/871"}],"wp:attachment":[{"href":"https:\/\/astrosurf-magazine.com\/index.php\/wp-json\/wp\/v2\/media?parent=1191"}],"wp:term":[{"taxonomy":"product_cat","embeddable":true,"href":"https:\/\/astrosurf-magazine.com\/index.php\/wp-json\/wp\/v2\/product_cat?post=1191"},{"taxonomy":"product_tag","embeddable":true,"href":"https:\/\/astrosurf-magazine.com\/index.php\/wp-json\/wp\/v2\/product_tag?post=1191"}],"curies":[{"name":"wp","href":"https:\/\/api.w.org\/{rel}","templated":true}]}}